*v**2. Let i be z(6). What is the units digit of i*(138/2 + -2)?
7
Let g(r) be the first derivative of 8*r**3/3 - 4*r**2 - 12*r + 36. What is the tens digit of g(-3)?
8
Let u(w) = -w**2 - 6*w + 2. Let a be u(-6). Suppose -n - q + 55 = n, -3*q + 15 = 0. What is the tens digit of 0/a - (2 - n)?
2
Suppose -6*d + 587 = 209. What is the tens digit of (d/12)/(2/8)?
2
Let v = 468 - 449. What is the tens digit of v?
1
Suppose 3*m + 0*m - 1 = g, -2*g + 2*m + 6 = 0. Suppose 4*t = 2*t + s + 452, 2*s = -g*t + 1139. What is the tens digit of t?
2
Let h(l) = l**3 + 14*l**2 - 10*l - 35. Let v be 4 + 106/(-6) + 1/(-3). What is the units digit of h(v)?
5
Let t = 1997 + -1308. What is the tens digit of t?
8
Let c = -31 - -35. Suppose 357 = 3*h + c*h. What is the tens digit of h?
5
Let a be (1 + 74 + 0)/(-1). Let g = -53 - a. What is the tens digit of g?
2
Suppose -2*a - 36 = l - 13, 44 = -4*l + 4*a. Let i be (6/l)/((-3)/15). Suppose -5*z + 349 = p + i*p, z = 5*p + 53. What is the tens digit of z?
6
What is the units digit of (-576)/(-120)*1840/12?
6
Let g be (-1786)/6 + 1/(-3). Let k = -167 - g. What is the units digit of k?
1
Let b = 60 + -162. Let g = -4 - b. What is the tens digit of g?
9
What is the tens digit of 586/8 + 4/(-16) - 1?
7
Let k = -20 + 18. Let w = -13 - k. Let c(v) = -v**3 - 12*v**2 - 12*v + 5. What is the tens digit of c(w)?
1
Let t(p) = p**3 + 4*p**2 - 7*p - 6. Let o be t(-4). Suppose 7*h = -7 - 7. Let r = o + h. What is the units digit of r?
0
Let w = 2 - 17. What is the tens digit of (-2*w/(-5))/(2/(-73))?
1
Let h(r) = -2*r**3 - 10*r**2 + 17*r - 15. What is the hundreds digit of h(-9)?
4
Let m(u) = u**3 + u**2 + 2*u - 1. Let c be m(-4). Let w = -31 - c. What is the units digit of w?
6
Suppose -4 = -4*t, 3*t + t = -5*s + 3134. What is the hundreds digit of s?
6
What is the hundreds digit of ((-2932)/5)/(76/(-190))?
4
Let p = 614 + -155. What is the tens digit of p?
5
Let h = 124 - 180. Suppose 0 = -109*u + 104*u + 5. What is the units digit of ((-16)/h)/(u/7)?
2
Let n be (8 + 4)/3 + -2. Suppose 0 = l + n*l - 6. What is the tens digit of l/(-12) + 1036/24?
4
Suppose 4*u - 4*v = v + 2, 3*u - 11 = -v. Suppose -u*d + w = -134, 2*w + 19 = 3*d - 117. What is the units digit of d?
4
What is the tens digit of 2636/(-8)*(5 - (-2 + 9))?
5
Suppose 3*q + 5 = 56. Suppose o = q - 10. What is the units digit of o?
7
Let w(c) = -4*c - 29. Let l(s) = 8*s + 10 - 3*s + 11 + 9. Let u(m) = -5*l(m) - 6*w(m). What is the units digit of u(0)?
4
Let g(c) = -c - 1. Let a(n) = -30*n - 33. Let x(b) = 2*a(b) - 66*g(b). What is the tens digit of x(3)?
1
Let q = -153 + 307. Let a = q + -105. What is the tens digit of a?
4
Let k(y) be the third derivative of 3*y**5/10 - y**3/6 + 2*y**2. What is the tens digit of k(-1)?
1
Suppose 0 = -5*u - 7*a + 9*a + 2886, 5*u - a = 2888. What is the hundreds digit of u?
5
Suppose 41 = 10*g - 739. What is the units digit of g?
8
Let w = 225 - 593. Let x be (-1)/(-4) + w/(-64). What is the tens digit of (17 + -4)/(2/x)?
3
Let j be 760/42 - 20/210. Suppose -j*d + 1908 = -0*d. What is the units digit of d?
6
Suppose -15*n + 4019 + 9991 = 0. What is the tens digit of n?
3
Suppose 11936 = -31*u + 47*u. What is the tens digit of u?
4
Suppose 0*c - 20 = 5*i + 2*c, -4*i = -2*c - 2. What is the tens digit of (-1 + i + 2)*-43?
4
Let p be (-2 + 4)/((-6)/(-30)). What is the units digit of (p/15)/((-1)/(-12))?
8
What is the hundreds digit of (-1774 + (0 - -5))/((-5)/10)?
5
Let x(y) = 10*y + 4. Let p(l) be the second derivative of l**3/2 + l**2/2 + l. Let w be p(1). What is the units digit of x(w)?
4
Let z = 1929 - 829. What is the tens digit of z?
0
Let k = 998 + -467. What is the hundreds digit of k?
5
Suppose -23 + 1 = 4*z - 2*r, -r = z + 13. Let c(d) = -d**3 - 6*d**2 - 6*d - 19. What is the tens digit of c(z)?
5
Let n(g) be the third derivative of 19*g**5/12 - 7*g**4/24 + 7*g**3/6 + g**2. What is the units digit of n(1)?
5
Suppose -8*h = 4 - 4. What is the units digit of 1/(-1) + 75 - (h + -3)?
7
Suppose 0 = -5*k + 6*k - 39. Suppose h + 6 = -h, -4*h = -3*u + k. What is the units digit of u + 9 - (1 + 1)?
6
Let d = 0 - 4. Let q be (1 - 6 - -5)/(-1 + 3). Let w = q - d. What is the units digit of w?
4
Let o = 73 - 362. Let j = -126 - o. What is the hundreds digit of j?
1
Let d = 29 - 25. Suppose d*a - 327 = -43. What is the units digit of a?
1
Let i be 9/(-2)*(-15)/((-225)/(-10)). Suppose d = -i*d + 240. What is the tens digit of d?
6
Let x(a) = -15 - 75*a + 12*a + 10. What is the units digit of x(-2)?
1
Let f = 572 - 276. What is the units digit of f?
6
Let g(y) = 3*y**2 - 15*y + 10. Suppose 0 = 5*o - 5*r - 45, -3*r - 8 = r. What is the tens digit of g(o)?
5
Let p(s) = 2*s + 2. Let g be p(0). Suppose 2*o + 2*o + u + 17 = 0, 0 = 2*u + g. What is the units digit of 27*o/30*-5?
8
Let x(i) = 3*i**2 + 1. Let f be x(1). Suppose f*t + 3*a = 241, t + 16 - 82 = 5*a. What is the units digit of t?
1
Let l(w) = 4*w**2 + w. Let v be l(2). Let n = v + 10. What is the units digit of n?
8
Suppose 0*f = -3*f. Suppose 7*i - 10*i = f. What is the tens digit of (-1)/(-2)*i - -26?
2
Let o(t) = t**3 + 5*t**2 - 6*t + 2. Suppose 4*s - 19 - 17 = 0. Let q be (-1 - 1) + (6 - s). What is the units digit of o(q)?
2
Let l(q) = -2*q**3 + 2*q**2 + 4. Let m be l(-6). Suppose 0*n + m = 4*n. What is the units digit of n?
7
Suppose 0 = 12*i - 3*i. Suppose i = -w + 74 - 9. What is the tens digit of w?
6
Suppose -121*w - 4872 = -129*w. What is the units digit of w?
9
Suppose 4*q = 4*m - 1256, 903 + 67 = 3*m + 4*q. Suppose -3*a + m = -78. What is the units digit of a?
2
Suppose 0 = -2*v - 3*c + 33, -33 + 95 = 4*v + 2*c. Let h = v + -12. Suppose -2*n + h*q = -11, n = -2*n + 2*q + 14. What is the units digit of n?
4
Suppose -39*q + 772 = -81635. What is the units digit of q?
3
Suppose 0*q - 6 = q. Let y be 5/(-30)*4 + (-2)/(-3). Let t = y - q. What is the units digit of t?
6
Suppose -2*q - 2*h = -424, q + 5*h - 853 = -3*q. Suppose -3*v = 3, -v - q = -d + 34. What is the tens digit of d?
4
Suppose 2*y - 2*b + b = -1, 5*y + 3*b - 3 = 0. Suppose y = -r + 75 + 29. What is the units digit of r?
4
Let s be 879 + -2 + 0 + -2. Suppose -z + 5*z = -3*c + 525, -5*c = 4*z - s. What is the tens digit of c?
7
Let l(r) = -3*r + 12. Let g be l(-7). Let q = 46 - g. What is the tens digit of q?
1
Let q(o) = 3*o**2 + 1. What is the hundreds digit of q(9)?
2
Let o(x) = x**3 + 7*x**2 + 2*x - 22. Let k be o(-6). What is the units digit of (44/16 - k) + (-69)/(-4)?
8
Let z(u) = -277*u + 1. Let w be z(-1). Let m = -144 + w. What is the hundreds digit of m?
1
Suppose -4*r - 431 = 5*j - 6*r, 4*j + 2*r + 334 = 0. What is the tens digit of 1508/10 + (-17)/j?
5
Let z(r) = -4*r**3 - 27*r**2 - 12*r + 35. Let q(k) = 0*k**2 + 2 - 10 + 7*k**2 - 1 + k**3 + 3*k. Let t(v) = 9*q(v) + 2*z(v). What is the units digit of t(-8)?
9
Let i(j) = j**2 + 8*j - 6. Let o be i(-9). Suppose -o*l = 4*l - 196. What is the tens digit of l?
2
Let c = 61 - 38. Let r = c + 38. What is the units digit of r?
1
Suppose -n + 6 = w, -5*w + 4*n - 2 = -14. Suppose 124 = 4*p + w*f, -f = -5*p - 5*f + 151. What is the tens digit of p?
2
Suppose 5*j + 2*m = -1 - 25, -j = -4*m + 14. Let y(w) = 3*w + 23. What is the units digit of y(j)?
5
Suppose 2*p - 3*u - 136 = 0, -4*u = 4*p - 0*u - 252. Let a = p + 27. What is the tens digit of a?
9
Suppose 0*d = -d - 10. Let o be (4/(-5))/(d/25). Suppose o*p + 27 = 3*c - 37, -4*c = -p - 87. What is the tens digit of c?
2
Let o(c) = -c**3 + 3*c**2 + 3. Let k be o(3). Suppose 0*b + 4*b - 12 = 0, -k*z + 204 = -3*b. What is the units digit of z?
1
Suppose -25*o = -21*o - 812. What is the tens digit of o?
0
Suppose 280 = 4*t + 1012. Let d = -95 - t. What is the tens digit of d?
8
Suppose 5*n - 40590 = -25*n. What is the tens digit of n?
5
Let a(p) = p**3 + p**2 - p. Let h(l) = -4*l**3 - 11*l**2 + 10*l - 1. Suppose -3*i + 6 = 3. Let f(u) = i*h(u) + 6*a(u). What is the tens digit of f(3)?
2
Suppose -3*l - 134 = -5*b - 469, l + 3*b = 107. What is the units digit of l?
0
Suppose y - 4*y = -12. Suppose -5*r + 56 = 5*d - 479, -y*r = 3*d - 424. What is the tens digit of r?
0
Let h(o) be the second derivative of 2*o**3 + 61*o**2/2 - 9*o - 4. What is the hundreds digit of h(17)?
2
Suppose -f + 6 = -0. Let l(h) = 7*h - 7. What is 